
Let s(z) = -29794*z - 2085581. Give s(-70).
-1
Let c(f) = -f**2 - 80*f + 1672. Give c(-110).
-1628
Let r(n) = 278*n**2 - 2702*n - 787. Calculate r(10).
-7
Let h(l) = 14*l**2 + 2269*l + 62360. Determine h(-127).
3
Let z(g) = -36746*g - 403462. Calculate z(-11).
744
Let h(o) = 8353*o**2 + 242218*o - 556. Give h(-29).
-5
Let r(n) = -1414*n - 7057. Determine r(-5).
13
Let d(u) = -u**3 - 154*u**2 + 1149*u + 7320. Determine d(11).
-6
Let y(m) = -518414*m + 28512779. Give y(55).
9
Let d(k) = -2154*k - 221844. Determine d(-103).
18
Let z(x) = -439*x - 485. Give z(-7).
2588
Let u(l) = -595239*l - 7738114. Give u(-13).
-7
Let x(y) = 391*y**2 + 64*y + 65. Determine x(-1).
392
Let f(i) = -7*i**2 - 1285*i - 254. Determine f(0).
-254
Let q(h) = 3*h**3 - 20*h**2 - 6*h + 43. What is q(-5)?
-802
Let s(g) = 48*g**2 + 676*g - 3213. Calculate s(5).
1367
Let f(a) = 254*a + 1486. What is f(-7)?
-292
Let a(m) = 64*m**2 + 161*m + 343. Give a(-2).
277
Let w(k) = -2*k**2 + 239*k + 29336. Give w(195).
-109
Let h(v) = v**3 - 88*v**2 - 3056*v - 22265. Give h(116).
7
Let w(t) = t**2 + 14389*t + 1059325. What is w(-74)?
15
Let k(v) = -v**3 + 399*v**2 - 19407*v - 29757. Determine k(342).
-3
Let p(m) = -102*m**2 + 348*m + 266. Determine p(4).
26
Let k(r) = -22*r**2 - 20172*r + 42276. Give k(-919).
2
Let x(j) = 5571*j - 44094. Give x(8).
474
Let s(h) = -h**3 + 2112*h**2 - 29376*h + 59. Give s(14).
3
Let u(m) = -356*m + 25685. What is u(73)?
-303
Let w(g) = -4*g**3 + 386*g**2 - 200*g + 651. Give w(96).
-117
Let l(q) = -q**2 - 2332*q + 322535. Determine l(131).
-118
Let n(u) = -114*u**2 - 1334*u + 44. Calculate n(-11).
924
Let q(r) = -543*r - 182073. Calculate q(-335).
-168
Let m(q) = 5*q**3 + 351*q**2 - 34*q - 7280. What is m(-70)?
0
Let f(w) = 2*w**3 + 9*w**2 - 3986*w + 3977. What is f(1)?
2
Let a(c) = c**3 + 66*c**2 - 3472*c - 35853. Calculate a(-9).
12
Let x(q) = -q**2 - 2856*q + 388126. Give x(130).
-54
Let h(s) = -39*s**2 - 276*s + 825. Determine h(3).
-354
Let k(w) = -w**3 - 1993*w**2 + 38230*w - 43. Determine k(19).
-5
Let t(j) = 18072*j - 452168. What is t(25)?
-368
Let v(d) = -18*d**2 - 2008*d - 36119. What is v(-89)?
15
Let x(y) = 2*y**3 - 132*y**2 - 234*y - 12790. Give x(69).
-370
Let a(k) = 2*k**3 + 598*k**2 + 10712*k + 20152. Calculate a(-280).
-8
Let x(r) = -5*r**3 - 243*r**2 - 1383*r - 25. What is x(-42)?
-151
Let d(p) = -4*p**2 + 2485*p - 19534. Give d(8).
90
Let o(v) = 1054*v + 88503. Calculate o(-84).
-33
Let s(o) = -45*o**2 + 106*o - 319. Determine s(3).
-406
Let r(n) = -269*n**2 + 2133*n + 151. Calculate r(8).
-1
Let j(i) = 8*i**3 + 17*i**2 - 851*i - 4062. Give j(-7).
-16
Let r(b) = b**3 - 180*b**2 + 506*b - 301694. Determine r(186).
-2
Let m(c) = -931*c + 124758. What is m(134)?
4
Let c(a) = -7112*a + 696973. Determine c(98).
-3
Let z(n) = 280857*n + 3931925. Give z(-14).
-73
Let t(c) = 30*c**2 + 671*c + 1339. Give t(-2).
117
Let i(p) = 17*p**2 + 333*p + 6. Determine i(-17).
-742
Let y(t) = 7*t**2 - 3569*t - 465. What is y(510)?
45
Let a(d) = 9*d**2 - 202*d + 292. Calculate a(19).
-297
Let k(u) = 27163*u + 624563. What is k(-23)?
-186
Let r(p) = -89*p - 3217. Calculate r(-14).
-1971
Let m(r) = -12932*r + 129204. What is m(10)?
-116
Let u(g) = -8645*g - 52077. What is u(-6)?
-207
Let d(x) = 1549*x + 333027. Determine d(-215).
-8
Let m(r) = -10*r**2 + 112*r + 15410. Calculate m(-34).
42
Let m(r) = r**3 - 12*r**2 + 2103*r - 18736. What is m(9)?
-52
Let t(y) = 299*y - 39552. Give t(132).
-84
Let q(g) = -2*g**2 - 24*g + 1642. What is q(23)?
32
Let v(a) = 265*a + 270. What is v(-6)?
-1320
Let k(f) = f**3 - 58*f**2 - 126*f + 304. Determine k(60).
-56
Let o(v) = -v**3 - 216*v**2 - 3756*v - 100. Give o(-19).
147
Let f(t) = 183744*t + 14699544. Give f(-80).
24
Let f(d) = 2*d**2 - 116*d + 1134. Give f(69).
2652
Let t(n) = -1627*n - 27755. Determine t(-17).
-96
Let o(w) = 4*w**2 - 753*w - 9417. Give o(200).
-17
Let z(u) = -u**3 - 41*u**2 - 186*u + 3273. Give z(-32).
9
Let y(j) = j**3 - 40*j**2 + 43*j - 1478. Determine y(39).
-1322
Let m(p) = p**3 + 37*p**2 - 238*p - 94. What is m(6)?
26
Let q(k) = 10*k**2 - 1113*k + 8113. Calculate q(8).
-151
Let o(a) = -212*a + 8520. Determine o(39).
252
Let d(k) = k**2 - 5452*k + 227259. Calculate d(42).
39
Let x(p) = 11*p**2 - 202*p + 165. What is x(16)?
-251
Let r(y) = -21*y**2 + 3353*y + 7939. Give r(162).
1
Let w(b) = -13947*b + 1617858. Determine w(116).
6
Let i(l) = -l**3 - 34*l**2 - 67*l + 42. Calculate i(-31).
-764
Let y(l) = -l**2 - 1321*l - 58519. Give y(-46).
131
Let n(j) = -5*j**3 + 27*j**2 + 24*j + 185. What is n(-10)?
7645
Let u(k) = -15*k**2 - 319*k + 369. Determine u(-22).
127
Let h(v) = -9*v**2 + 320*v + 8937. Calculate h(-19).
-392
Let a(n) = -n**3 - 288*n**2 + 866*n - 1968. Determine a(-291).
69
Let g(f) = f**3 + 2*f**2 - 26614*f - 159642. What is g(-6)?
-102
Let g(d) = -d**3 - 8*d**2 - 9116*d - 45518. Give g(-5).
-13
Let o(h) = -h**2 - 437*h - 7228. Give o(-18).
314
Let o(l) = 86*l + 2307. Calculate o(12).
3339
Let a(b) = -1009*b + 1833. Give a(4).
-2203
Let x(m) = -11*m**2 + 388*m - 3292. Calculate x(21).
5
Let n(r) = 2*r**2 + 84*r - 19524. Give n(-123).
402
Let f(i) = -56495*i - 339163. Determine f(-6).
-193
Let z(a) = -528*a**2 + 96*a + 84. What is z(-3)?
-4956
Let k(l) = -304*l**2 + 8212*l - 87. Determine k(27).
21
Let p(b) = -10*b**3 - 233*b**2 - 1069*b + 27. What is p(-17)?
-7
Let c(s) = -3*s**2 - 1256*s + 89208. Give c(62).
-196
Let s(o) = -o**3 - 45*o**2 + 159*o + 721. What is s(-48)?
1
Let o(c) = -c**2 - 835996*c + 835994. Give o(1).
-3
Let m(t) = -35798*t - 13137864. What is m(-367)?
2
Let l(j) = -13*j**3 + 141*j**2 + 1105*j - 11092. Calculate l(12).
8
Let q(f) = f**3 + 66*f**2 - 148*f - 753. Give q(-68).
63
Let d(z) = 10*z**2 + 1277*z + 36772. Calculate d(-84).
64
Let z(o) = -68*o**2 - 47356*o - 66724. Give z(-695).
-4
Let f(j) = 13*j**2 - 1446*j - 986. What is f(112)?
134
Let w(j) = -2*j**2 + 2*j + 28037. Give w(119).
-47
Let r(o) = -22*o**2 + 14025*o - 192033. What is r(14)?
5
Let j(b) = -b**2 + 99*b - 667. What is j(0)?
-667
Let i(x) = x**3 - 456*x**2 + 46328*x + 9399. Give i(303).
6
Let p(r) = -11*r**3 - 1273*r**2 + 31585*r - 21. Give p(21).
0
Let m(k) = -3*k**3 - 384*k**2 + 3*k + 884. Give m(-128).
500
Let h(q) = -q**2 - 2057*q - 547287. Calculate h(-314).
15
Let q(h) = -h**2 + 1040*h + 79860. Calculate q(-72).
-204
Let q(j) = j**3 - 20*j**2 - 48*j + 60. Calculate q(-3).
-3
Let f(k) = -352*k + 45229. Calculate f(127).
525
Let g(h) = -3*h**3 + 243*h**2 + 1027*h - 601. What is g(85)?
-6
Let a(g) = -11*g**3 + 309*g**2 - 855*g + 23. Determine a(25).
-102
Let h(s) = -1603*s**2 + 81741*s + 615. Calculate h(51).
3
Let q(m) = 546*m - 4767. Determine q(13).
2331
Let z(a) = a**3 - 11*a**2 - 308*a - 6227. Calculate z(29).
-21
Let l(c) = c**3 + 47*c**2 + 501*c - 332. Determine l(-18).
46
Let j(q) = -q**2 - 312*q - 17004. Determine j(-90).
2976
Let s(g) = -52*g**2 + 956*g - 2620. Give s(15).
20
Let f(n) = -n**3 - 18*n**2 + 273*n - 270. Calculate f(-29).
1064
Let z(u) = -17*u**3 + 102*u**2 - 180*u + 94. Calculate z(1).
-1
Let b(r) = 821*r + 5341. Calculate b(-4).
2057
Let h(b) = -b**3 + 37*b**2 - 199*b - 19. Calculate h(30).
311
Let s(h) = -2777*h - 588900. Give s(-212).
-176
Let p(o) = -o**3 + 52*o**2 + 65*o + 2457. Give p(53).
3093
Let g(n) = -4041*n - 40324. Calculate g(-10).
86
Let r(s) = 3*s**3 - 19*s**2 - 7457*s + 80328. Determine r(11).
-5
Let f(s) = -15059*s + 225938. Give f(15).
53
Let v(k) = k**3 - 202*k**2 + 110*k + 18090. Calculate v(201).
-201
Let c(y) = -340*y + 23092. Determine c(64).
1332
Let o(y) = 38026*y - 76044. Determine o(2).
8
Let c(n) = 931*n - 132218. Calculate c(142).
-16
Let v(c) = -300*c**2 - 350*c - 12. What is v(-5)?
-5762
Let s(r) = 4*r**2 + 193*r + 1361. Determine s(-9).
-52
Let u(w) = -6575*w + 736399. What is u(112)?
-1
Let f(y) = -6*y**2 + 1146*y - 10931. Determine f(10).
-71
Let z(s) = 46*s**2 + 7078*s - 923. Determine z(-154).
1
Let x(q) = -6073*q**2 - 30360*q - 33. Determine x(-5).
-58
Let i(p) = 29*p**2 - 842*p + 49. Give i(30).
889
Let j(p) = -2613*p + 65271. What is j(25)?
-54
Let h(n) = n**3 - 34*n**2 - 89*n + 206. Determine h(36).
-406
Let b(s) = -4608*s - 8876. Calculate b(-3).
4948
Let i(o) = -53411*o + 53428. What is i(1)?
17
Let r(s) = -3*s**2 + 1275*s + 45194